{"id":79,"date":"2023-08-22T17:11:48","date_gmt":"2023-08-22T17:11:48","guid":{"rendered":"https:\/\/raceandrights.org\/?page_id=79"},"modified":"2025-08-26T15:47:56","modified_gmt":"2025-08-26T15:47:56","slug":"international-race-and-rights-lab","status":"publish","type":"page","link":"https:\/\/raceandrights.org\/","title":{"rendered":"International Race and Rights Lab"},"content":{"rendered":"\t\t<div data-elementor-type=\"wp-page\" data-elementor-id=\"79\" class=\"elementor elementor-79\">\n\t\t\t\t\t\t<section class=\"elementor-section elementor-top-section elementor-element elementor-element-324472f elementor-section-boxed elementor-section-height-default elementor-section-height-default\" data-id=\"324472f\" data-element_type=\"section\">\n\t\t\t\t\t\t<div class=\"elementor-container elementor-column-gap-default\">\n\t\t\t\t\t<div class=\"elementor-column elementor-col-100 elementor-top-column elementor-element elementor-element-2bb3281\" data-id=\"2bb3281\" data-element_type=\"column\">\n\t\t\t<div class=\"elementor-widget-wrap elementor-element-populated\">\n\t\t\t\t\t\t<div class=\"elementor-element elementor-element-abeeff5 elementor-widget elementor-widget-spacer\" data-id=\"abeeff5\" data-element_type=\"widget\" data-widget_type=\"spacer.default\">\n\t\t\t\t<div class=\"elementor-widget-container\">\n\t\t\t\t\t<div class=\"elementor-spacer\">\n\t\t\t<div class=\"elementor-spacer-inner\"><\/div>\n\t\t<\/div>\n\t\t\t\t<\/div>\n\t\t\t\t<\/div>\n\t\t\t\t<section class=\"elementor-section elementor-inner-section elementor-element elementor-element-878bb34 elementor-section-boxed elementor-section-height-default elementor-section-height-default\" data-id=\"878bb34\" data-element_type=\"section\">\n\t\t\t\t\t\t<div class=\"elementor-container elementor-column-gap-custom\">\n\t\t\t\t\t<div class=\"elementor-column elementor-col-50 elementor-inner-column elementor-element elementor-element-0b99230\" data-id=\"0b99230\" data-element_type=\"column\">\n\t\t\t<div class=\"elementor-widget-wrap elementor-element-populated\">\n\t\t\t\t\t\t<div class=\"elementor-element elementor-element-7697f92 elementor-widget elementor-widget-text-editor\" data-id=\"7697f92\" data-element_type=\"widget\" data-widget_type=\"text-editor.default\">\n\t\t\t\t<div class=\"elementor-widget-container\">\n\t\t\t\t\t\t\t<h2>The International Race and Rights Lab has a unique focus, approaching the right to racial equality from an international perspective.<\/h2>\t\t\t\t\t\t<\/div>\n\t\t\t\t<\/div>\n\t\t\t\t<div class=\"elementor-element elementor-element-8ab8880 elementor-widget elementor-widget-text-editor\" data-id=\"8ab8880\" data-element_type=\"widget\" data-widget_type=\"text-editor.default\">\n\t\t\t\t<div class=\"elementor-widget-container\">\n\t\t\t\t\t\t\t<p><img fetchpriority=\"high\" decoding=\"async\" class=\"alignleft wp-image-394\" src=\"https:\/\/raceandrights.org\/wp-content\/uploads\/2023\/08\/zoltan-300x295.png\" alt=\"\" width=\"250\" height=\"246\" srcset=\"https:\/\/raceandrights.org\/wp-content\/uploads\/2023\/08\/zoltan-300x295.png 300w, https:\/\/raceandrights.org\/wp-content\/uploads\/2023\/08\/zoltan.png 406w\" sizes=\"(max-width: 250px) 100vw, 250px\" \/>Welcome! I am <a href=\"https:\/\/zoltanbuzas.wixsite.com\/politicalscience\">Zolt\u00e1n I. B\u00faz\u00e1s<\/a>, an associate professor at the University of Notre Dame&#8217;s <a href=\"http:\/\/keough.nd.edu\">Keough School of Global Affairs<\/a>. I founded the International Race and Rights Lab (IRRL) in February 2022 with the generous support of the <a href=\"https:\/\/klau.nd.edu\/\">Klau Institute for Civil and Human Rights<\/a>. Its mission is to advance the study of the right to racial equality in an international context.<\/p><p>Instead of confining racial issues to the domestic realm, our unique vision is to integrate the racial and the international, highlighting the numerous ways in which they are intertwined. We aim to do so through high quality research, teaching, and workshops that produce knowledge and foster a scholarly community centered on the study of race, racism, and anti-racism.<\/p>\t\t\t\t\t\t<\/div>\n\t\t\t\t<\/div>\n\t\t\t\t<div class=\"elementor-element elementor-element-947b7e2 elementor-widget elementor-widget-text-editor\" data-id=\"947b7e2\" data-element_type=\"widget\" data-widget_type=\"text-editor.default\">\n\t\t\t\t<div class=\"elementor-widget-container\">\n\t\t\t\t\t\t\t<h3><span lang=\"EN\">Learn more about our <a href=\"https:\/\/raceandrights.org\/?page_id=14\">team<\/a>, <a href=\"https:\/\/raceandrights.org\/?page_id=26\">research<\/a>, and <a href=\"https:\/\/raceandrights.org\/?page_id=31\">workshops<\/a>.\u00a0<\/span><\/h3>\t\t\t\t\t\t<\/div>\n\t\t\t\t<\/div>\n\t\t\t\t\t<\/div>\n\t\t<\/div>\n\t\t\t\t<div class=\"elementor-column elementor-col-50 elementor-inner-column elementor-element elementor-element-b0559b9\" data-id=\"b0559b9\" data-element_type=\"column\" data-settings=\"{&quot;background_background&quot;:&quot;classic&quot;}\">\n\t\t\t<div class=\"elementor-widget-wrap elementor-element-populated\">\n\t\t\t\t\t\t<div class=\"elementor-element elementor-element-97be0d7 elementor-widget elementor-widget-text-editor\" data-id=\"97be0d7\" data-element_type=\"widget\" data-widget_type=\"text-editor.default\">\n\t\t\t\t<div class=\"elementor-widget-container\">\n\t\t\t\t\t\t\t<h2>Call for Abstracts: May 2026 Workshop on Human Rights and International Relations<\/h2>\t\t\t\t\t\t<\/div>\n\t\t\t\t<\/div>\n\t\t\t\t<div class=\"elementor-element elementor-element-9b52233 elementor-widget elementor-widget-text-editor\" data-id=\"9b52233\" data-element_type=\"widget\" data-widget_type=\"text-editor.default\">\n\t\t\t\t<div class=\"elementor-widget-container\">\n\t\t\t\t\t\t\t<p>We are pleased to announce the call for proposals for our fourth annual workshop. We invite paper proposals on any topic related to human rights and international relations broadly defined. We are very interested in studies that explore racism and anti-racism, and we welcome all methodological orientations.<\/p>\t\t\t\t\t\t<\/div>\n\t\t\t\t<\/div>\n\t\t\t\t<div class=\"elementor-element elementor-element-b01499c elementor-button-info elementor-align-left elementor-widget elementor-widget-button\" data-id=\"b01499c\" data-element_type=\"widget\" data-widget_type=\"button.default\">\n\t\t\t\t<div class=\"elementor-widget-container\">\n\t\t\t\t\t\t\t<div class=\"elementor-button-wrapper\">\n\t\t\t\t\t<a class=\"elementor-button elementor-button-link elementor-size-md\" href=\"https:\/\/raceandrights.org\/?page_id=31\">\n\t\t\t\t\t\t<span class=\"elementor-button-content-wrapper\">\n\t\t\t\t\t\t\t\t\t<span class=\"elementor-button-text\">Learn More<\/span>\n\t\t\t\t\t<\/span>\n\t\t\t\t\t<\/a>\n\t\t\t\t<\/div>\n\t\t\t\t\t\t<\/div>\n\t\t\t\t<\/div>\n\t\t\t\t\t<\/div>\n\t\t<\/div>\n\t\t\t\t\t<\/div>\n\t\t<\/section>\n\t\t\t\t\t<\/div>\n\t\t<\/div>\n\t\t\t\t\t<\/div>\n\t\t<\/section>\n\t\t\t\t<\/div>\n\t\t","protected":false},"excerpt":{"rendered":"<p>The International Race and Rights Lab has a unique focus, approaching the right to racial equality from an international perspective. Welcome! I am Zolt\u00e1n I. B\u00faz\u00e1s, an associate professor at [&hellip;]<\/p>\n","protected":false},"author":1,"featured_media":0,"parent":0,"menu_order":0,"comment_status":"closed","ping_status":"closed","template":"","meta":{"footnotes":""},"class_list":["post-79","page","type-page","status-publish","hentry"],"_links":{"self":[{"href":"https:\/\/raceandrights.org\/index.php?rest_route=\/wp\/v2\/pages\/79","targetHints":{"allow":["GET"]}}],"collection":[{"href":"https:\/\/raceandrights.org\/index.php?rest_route=\/wp\/v2\/pages"}],"about":[{"href":"https:\/\/raceandrights.org\/index.php?rest_route=\/wp\/v2\/types\/page"}],"author":[{"embeddable":true,"href":"https:\/\/raceandrights.org\/index.php?rest_route=\/wp\/v2\/users\/1"}],"replies":[{"embeddable":true,"href":"https:\/\/raceandrights.org\/index.php?rest_route=%2Fwp%2Fv2%2Fcomments&post=79"}],"version-history":[{"count":154,"href":"https:\/\/raceandrights.org\/index.php?rest_route=\/wp\/v2\/pages\/79\/revisions"}],"predecessor-version":[{"id":1126,"href":"https:\/\/raceandrights.org\/index.php?rest_route=\/wp\/v2\/pages\/79\/revisions\/1126"}],"wp:attachment":[{"href":"https:\/\/raceandrights.org\/index.php?rest_route=%2Fwp%2Fv2%2Fmedia&parent=79"}],"curies":[{"name":"wp","href":"https:\/\/api.w.org\/{rel}","templated":true}]}}